{"version":"1.0","provider_name":"PEFC Catalunya","provider_url":"https:\/\/www.pefc.cat\/es\/","author_name":"Robert Roch","author_url":"https:\/\/www.pefc.cat\/es\/author\/robert\/","title":"PEFC Catalu\u00f1a hace un llamamiento a la ciudadan\u00eda a implicarse activamente en la campa\u00f1a de prevenci\u00f3n de incendios forestales - PEFC Catalunya","type":"rich","width":600,"height":338,"html":"<blockquote class=\"wp-embedded-content\" data-secret=\"mVJ7oHgUhH\"><a href=\"https:\/\/www.pefc.cat\/es\/campanyaincendisforestals\/\">PEFC Catalu\u00f1a hace un llamamiento a la ciudadan\u00eda a implicarse activamente en la campa\u00f1a de prevenci\u00f3n de incendios forestales<\/a><\/blockquote><iframe sandbox=\"allow-scripts\" security=\"restricted\" src=\"https:\/\/www.pefc.cat\/es\/campanyaincendisforestals\/embed\/#?secret=mVJ7oHgUhH\" width=\"600\" height=\"338\" title=\"\u00abPEFC Catalu\u00f1a hace un llamamiento a la ciudadan\u00eda a implicarse activamente en la campa\u00f1a de prevenci\u00f3n de incendios forestales\u00bb \u2014 PEFC Catalunya\" data-secret=\"mVJ7oHgUhH\" frameborder=\"0\" marginwidth=\"0\" marginheight=\"0\" scrolling=\"no\" class=\"wp-embedded-content\"><\/iframe><script type=\"text\/javascript\">\n\/* <![CDATA[ *\/\n\/*! This file is auto-generated *\/\n!function(d,l){\"use strict\";l.querySelector&&d.addEventListener&&\"undefined\"!=typeof URL&&(d.wp=d.wp||{},d.wp.receiveEmbedMessage||(d.wp.receiveEmbedMessage=function(e){var t=e.data;if((t||t.secret||t.message||t.value)&&!\/[^a-zA-Z0-9]\/.test(t.secret)){for(var s,r,n,a=l.querySelectorAll('iframe[data-secret=\"'+t.secret+'\"]'),o=l.querySelectorAll('blockquote[data-secret=\"'+t.secret+'\"]'),c=new RegExp(\"^https?:$\",\"i\"),i=0;i<o.length;i++)o[i].style.display=\"none\";for(i=0;i<a.length;i++)s=a[i],e.source===s.contentWindow&&(s.removeAttribute(\"style\"),\"height\"===t.message?(1e3<(r=parseInt(t.value,10))?r=1e3:~~r<200&&(r=200),s.height=r):\"link\"===t.message&&(r=new URL(s.getAttribute(\"src\")),n=new URL(t.value),c.test(n.protocol))&&n.host===r.host&&l.activeElement===s&&(d.top.location.href=t.value))}},d.addEventListener(\"message\",d.wp.receiveEmbedMessage,!1),l.addEventListener(\"DOMContentLoaded\",function(){for(var e,t,s=l.querySelectorAll(\"iframe.wp-embedded-content\"),r=0;r<s.length;r++)(t=(e=s[r]).getAttribute(\"data-secret\"))||(t=Math.random().toString(36).substring(2,12),e.src+=\"#?secret=\"+t,e.setAttribute(\"data-secret\",t)),e.contentWindow.postMessage({message:\"ready\",secret:t},\"*\")},!1)))}(window,document);\n\/\/# sourceURL=https:\/\/www.pefc.cat\/wp-includes\/js\/wp-embed.min.js\n\/* ]]> *\/\n<\/script>\n","thumbnail_url":"https:\/\/www.pefc.cat\/wp-content\/uploads\/2021\/06\/Stop-al-Foc.-Tu-ens-tens-la-Clau.jpg","thumbnail_width":1176,"thumbnail_height":832,"description":"STOP AL FUEGO! T\u00da TIENES LA LLAVE! Un incendio forestal puede provocar la desaparici\u00f3n de una parte importante del patrimonio natural del pa\u00eds, provocando p\u00e9rdidas millonarias tanto para la propiedad forestal como para el conjunto de la sociedad que se beneficia de los m\u00faltiples y valiosos servicios que ofrecen los bosques catalanes."}

PEFC Cataluña hace un llamamiento a la ciudadanía a implicarse activamente en la campaña de prevención de incendios forestales - PEFC Catalunya

<blockquote class="wp-embedded-content" data-secret="mVJ7oHgUhH"><a href="https://www.pefc.cat/es/campanyaincendisforestals/">PEFC Cataluña hace un llamamiento a la ciudadanía a implicarse activamente en la campaña de prevención de incendios forestales</a></blockquote><iframe sandbox="allow-scripts" security="restricted" src="https://www.pefc.cat/es/campanyaincendisforestals/embed/#?secret=mVJ7oHgUhH" width="600" height="338" title="«PEFC Cataluña hace un llamamiento a la ciudadanía a implicarse activamente en la campaña de prevención de incendios forestales» — PEFC Catalunya" data-secret="mVJ7oHgUhH" frameborder="0" marginwidth="0" marginheight="0" scrolling="no" class="wp-embedded-content"></iframe><script type="text/javascript">
/* <![CDATA[ */
/*! This file is auto-generated */
!function(d,l){"use strict";l.querySelector&&d.addEventListener&&"undefined"!=typeof URL&&(d.wp=d.wp||{},d.wp.receiveEmbedMessage||(d.wp.receiveEmbedMessage=function(e){var t=e.data;if((t||t.secret||t.message||t.value)&&!/[^a-zA-Z0-9]/.test(t.secret)){for(var s,r,n,a=l.querySelectorAll('iframe[data-secret="'+t.secret+'"]'),o=l.querySelectorAll('blockquote[data-secret="'+t.secret+'"]'),c=new RegExp("^https?:$","i"),i=0;i<o.length;i++)o[i].style.display="none";for(i=0;i<a.length;i++)s=a[i],e.source===s.contentWindow&&(s.removeAttribute("style"),"height"===t.message?(1e3<(r=parseInt(t.value,10))?r=1e3:~~r<200&&(r=200),s.height=r):"link"===t.message&&(r=new URL(s.getAttribute("src")),n=new URL(t.value),c.test(n.protocol))&&n.host===r.host&&l.activeElement===s&&(d.top.location.href=t.value))}},d.addEventListener("message",d.wp.receiveEmbedMessage,!1),l.addEventListener("DOMContentLoaded",function(){for(var e,t,s=l.querySelectorAll("iframe.wp-embedded-content"),r=0;r<s.length;r++)(t=(e=s[r]).getAttribute("data-secret"))||(t=Math.random().toString(36).substring(2,12),e.src+="#?secret="+t,e.setAttribute("data-secret",t)),e.contentWindow.postMessage({message:"ready",secret:t},"*")},!1)))}(window,document);
//# sourceURL=https://www.pefc.cat/wp-includes/js/wp-embed.min.js
/* ]]> */
</script>

STOP AL FUEGO! TÚ TIENES LA LLAVE! Un incendio forestal puede provocar la desaparición de una parte importante del patrimonio natural del país, provocando pérdidas millonarias tanto para la propiedad forestal como para el conjunto de la sociedad que se beneficia de los múltiples y valiosos servicios que ofrecen los bosques catalanes.
